{"id":350,"date":"2022-02-01T10:04:40","date_gmt":"2022-02-01T09:04:40","guid":{"rendered":"https:\/\/ip.linking-net.com\/?page_id=350"},"modified":"2022-07-30T12:49:36","modified_gmt":"2022-07-30T10:49:36","slug":"impressum","status":"publish","type":"page","link":"https:\/\/isla-passio.com\/es\/imprimir\/","title":{"rendered":"Impresi\u00f3n"},"content":{"rendered":"<p>[et_pb_section fb_built=\"1\u2033 _builder_version=\"4.16\u2033 _module_preset=\"default\" background_color=\"RGBA(255,255,255,0)\" custom_padding=\"23px||23px||true|false\" global_colors_info=\"{}\"][et_pb_row _builder_version=\"4.16\u2033 _module_preset=\"default\" custom_padding=\"27px|27px||true|false\" global_colors_info=\"{}16\u2033 _module_preset=\"default\" custom_padding=\"27px||27px||true|false\" global_colors_info=\"{}\"][et_pb_column type=\"4_4\u2033 _builder_version=\"4.16\u2033 _module_preset=\"default\" global_colors_info=\"{}\"][et_pb_text _builder_version=\"4.16\u2033 _module_preset=\"default\" text_orientation=\"center\" custom_padding=\"|15px||15px|false|true\" global_colors_info=\"{}\"]<\/p>\n<p>El responsable del contenido bajo el dominio isla-passio.com es<\/p>\n<p><strong>Niels Teichmann<\/strong> \/\/ Consultor inmobiliario<\/p>\n<p>[\/et_pb_text][\/et_pb_column][\/et_pb_row][et_pb_row column_structure=\u201c1_3,1_3,1_3\u2033 _builder_version=\u201c4.16\u2033 _module_preset=\"default\" width=\"90%\" custom_padding=\"23px||27px||false|false\" global_colors_info=\"{}\"][et_pb_column type=\"1\/3\u2033 _builder_version=\"4.16\u2033 _module_preset=\"default\" global_colors_info=\"{}\"][et_pb_text _builder_version=\"4.17.4\u2033 _module_preset=\"default\" custom_padding=\"|15px||15px|false|true\" global_colors_info=\"{}\"]<\/p>\n<p>ISLA PASSI\u00d3 - Inmobiliaria<br \/>Calle la Marina 29<br \/>07659 Cala Figuera \/ Santany\u00ed<br \/>Mallorca \/ Islas Baleares<br \/>Espa\u00f1a<\/p>\n<p>[\/et_pb_text][\/et_pb_column][et_pb_column type=\"1\/3\u2033 _builder_version=\"4.16\u2033 _module_preset=\"default\" global_colors_info=\"{}\"][et_pb_text _builder_version=\"4.17.3\u2033 _module_preset=\"default\" custom_padding=\"|15px||15px|false|true\" global_colors_info=\"{}\"]Fon DE +49 151 194 794 80<br \/>\nFon ES +34 680 265 785<br \/>\nCorreo: mail@isla-passio.com<\/p>\n<p>USt.Id.Nr. ESX9124865Y[\/et_pb_text][\/et_pb_column][et_pb_column type=&#8220;1_3&#8243; _builder_version=&#8220;4.16&#8243; _module_preset=&#8220;default&#8220; global_colors_info=&#8220;{}&#8220;][et_pb_text _builder_version=&#8220;4.16&#8243; _module_preset=&#8220;default&#8220; custom_padding=&#8220;|15px||15px|false|true&#8220; global_colors_info=&#8220;{}&#8220;]Authorisierte Social Media Profile[\/et_pb_text][et_pb_social_media_follow _builder_version=&#8220;4.15.1&#8243; _module_preset=&#8220;default&#8220; custom_padding=&#8220;|15px||15px|false|true&#8220; global_module=&#8220;1268&#8243; saved_tabs=&#8220;all&#8220; global_colors_info=&#8220;{}&#8220;][et_pb_social_media_follow_network social_network=&#8220;facebook&#8220; url=&#8220;https:\/\/www.facebook.com\/islapassio&#8220; icon_color=&#8220;#f8f0e3&#8243; _builder_version=&#8220;4.16&#8243; _module_preset=&#8220;default&#8220; background_color=&#8220;#9C8679&#8243; background_enable_color=&#8220;on&#8220; custom_button=&#8220;on&#8220; border_radii=&#8220;on|50%|50%|50%|50%&#8220; global_colors_info=&#8220;{}&#8220; background__hover_enabled=&#8220;on|desktop&#8220; background_color__hover=&#8220;#3b5998&#8243; background_enable_color__hover=&#8220;on&#8220; follow_button=&#8220;off&#8220; url_new_window=&#8220;on&#8220;]facebook[\/et_pb_social_media_follow_network][et_pb_social_media_follow_network social_network=&#8220;instagram&#8220; url=&#8220;https:\/\/instagram.com\/isla_passio_mallorca&#8220; icon_color=&#8220;#f8f0e3&#8243; _builder_version=&#8220;4.16&#8243; _module_preset=&#8220;default&#8220; background_color=&#8220;#9C8679&#8243; background_enable_color=&#8220;on&#8220; border_radii=&#8220;on|50%|50%|50%|50%&#8220; global_colors_info=&#8220;{}&#8220; background__hover_enabled=&#8220;on|hover&#8220; background_color__hover=&#8220;#ea2c59&#8243; background_enable_color__hover=&#8220;on&#8220; follow_button=&#8220;off&#8220; url_new_window=&#8220;on&#8220;]instagram[\/et_pb_social_media_follow_network][et_pb_social_media_follow_network social_network=&#8220;xing&#8220; url=&#8220;https:\/\/www.xing.com\/profile\/Niels_Teichmann&#8220; icon_color=&#8220;#f8f0e3&#8243; _builder_version=&#8220;4.16&#8243; _module_preset=&#8220;default&#8220; background_color=&#8220;#9C8679&#8243; background_enable_color=&#8220;on&#8220; border_radii=&#8220;on|50%|50%|50%|50%&#8220; global_colors_info=&#8220;{}&#8220; background__hover_enabled=&#8220;on|hover&#8220; background_color__hover=&#8220;#026466&#8243; background_enable_color__hover=&#8220;on&#8220; follow_button=&#8220;off&#8220; url_new_window=&#8220;on&#8220;]xing[\/et_pb_social_media_follow_network][et_pb_social_media_follow_network social_network=&#8220;whatsapp&#8220; url=&#8220;https:\/\/wa.me\/4915119479480?text=Hallo%20Herr%20Teichmann,%20ich%20interessiere%20mich%20f%C3%BCr%20eine%20Ihrer%20Immobilien%20und%20freue%20mich%20%C3%BCber%20Ihre%20R%C3%BCckmeldung!&#8220; icon_color=&#8220;#f8f0e3&#8243; _builder_version=&#8220;4.16&#8243; _module_preset=&#8220;default&#8220; background_color=&#8220;#9C8679&#8243; background_enable_color=&#8220;on&#8220; border_radii=&#8220;on|50%|50%|50%|50%&#8220; global_colors_info=&#8220;{}&#8220; background__hover_enabled=&#8220;on|hover&#8220; background_color__hover=&#8220;#25d366&#8243; background_enable_color__hover=&#8220;on&#8220; follow_button=&#8220;off&#8220; url_new_window=&#8220;on&#8220;]whatsapp[\/et_pb_social_media_follow_network][\/et_pb_social_media_follow][\/et_pb_column][\/et_pb_row][et_pb_row column_structure=&#8220;1_3,1_3,1_3&#8243; _builder_version=&#8220;4.16&#8243; _module_preset=&#8220;default&#8220; width=&#8220;90%&#8220; global_colors_info=&#8220;{}&#8220;][et_pb_column type=&#8220;1_3&#8243; _builder_version=&#8220;4.16&#8243; _module_preset=&#8220;default&#8220; custom_padding=&#8220;||0px||false|false&#8220; custom_padding_tablet=&#8220;||0px||false|false&#8220; custom_padding_phone=&#8220;||0px||false|false&#8220; custom_padding_last_edited=&#8220;on|tablet&#8220; custom_css_main_element=&#8220;margin-bottom: 0 !important;&#8220; global_colors_info=&#8220;{}&#8220; custom_css_main_element_last_edited=&#8220;off|tablet&#8220;][et_pb_text _builder_version=&#8220;4.16&#8243; _module_preset=&#8220;default&#8220; text_font_size=&#8220;14px&#8220; header_2_font_size=&#8220;20px&#8220; background_color=&#8220;#FFFFFF&#8220; custom_margin=&#8220;||2em||false|false&#8220; custom_padding=&#8220;15px|15px|15px|15px|true|true&#8220; box_shadow_style=&#8220;preset1&#8243; box_shadow_blur=&#8220;60px&#8220; box_shadow_spread=&#8220;10px&#8220; box_shadow_color=&#8220;rgba(0,0,0,0.08)&#8220; global_colors_info=&#8220;{}&#8220;]<\/p>\n<h2>Responsabilidad por el contenido<\/h2>\n<p>El contenido de mis p\u00e1ginas fue creado con el mayor cuidado. Sin embargo, no puedo asumir ninguna responsabilidad por la exactitud, integridad y actualidad de los contenidos. Como proveedor de servicios, soy responsable de mis propios contenidos en estas p\u00e1ginas de acuerdo con el \u00a7 7 P\u00e1rrafo 1 de la TMG (Ley alemana de medios de comunicaci\u00f3n) seg\u00fan las leyes generales. Sin embargo, seg\u00fan los art\u00edculos 8 a 10 de la TMG, no estoy obligado como proveedor de servicios a controlar la informaci\u00f3n transmitida o almacenada de terceros ni a investigar las circunstancias que indiquen una actividad ilegal. Las obligaciones de eliminar o bloquear el uso de la informaci\u00f3n seg\u00fan las leyes generales no se ven afectadas por esto. Sin embargo, la responsabilidad en este sentido s\u00f3lo es posible a partir del momento en que se conoce una infracci\u00f3n concreta de la ley. Si tengo conocimiento de cualquier infracci\u00f3n de este tipo, eliminar\u00e9 este contenido inmediatamente.<\/p>\n<p>[\/et_pb_text][et_pb_text _builder_version=\"4.17.6\u2033 _module_preset=\"default\" text_font_size=\"14px\" header_2_font_size=\"20px\" background_color=\"#FFFF\" custom_margin=\"||2em||false|false\" custom_padding=\"15px|15px|15px|true|true\" hover_enabled=\"0\u2033 box_shadow_style=\"preset1\u2033 box_shadow_blur=\"60px\" box_shadow_spread=\"10px\" box_shadow_color=\"rgba(0,0,0,0.08)\" global_colors_info=\"{}\" sticky_enabled=\"0\u2033]<\/p>\n<h2>Cr\u00e9ditos de las im\u00e1genes<\/h2>\n<p>Niels Teichmann<br \/>\nSaskia Lund<br \/>\nGunnar Knechtel[\/et_pb_text][\/et_pb_column][et_pb_column type=\"1\/3\u2033 _builder_version=\"4.\u00a116\u2033 _module_preset=\"default\" custom_padding=\"||0px||false|false\" custom_padding_tablet=\"||||false|false\" custom_padding_phone=\"||||false|false\" custom_padding_last_edited=\"on|tablet\" custom_css_main_element=\"margin-bottom: 0 !important;\" global_colors_info=\"{}\"][et_pb_text _builder_version=\"4.16\u2033 _module_preset=\"default\" text_font_size=\"14px\" header_2_font_size=\"20px\" background_color=\"#FFFF\" custom_margin=\"||2em||false|false\" custom_padding=\"15px|15px|15px|true|true\" box_shadow_style=\"preset1\u2033 box_shadow_blur=\"60px\" box_shadow_spread=\"10px\" box_shadow_color=\"rgba(0,0,0,0.08)\" global_colors_info=\"{}\"]<\/p>\n<h2>Responsabilidad de los enlaces<\/h2>\n<p>Mi oferta contiene enlaces a p\u00e1ginas web externas de terceros, sobre cuyos contenidos no tengo ninguna influencia. En consecuencia, no puedo asumir ninguna responsabilidad por estos contenidos externos. El respectivo proveedor u operador de las p\u00e1ginas es siempre responsable del contenido de las p\u00e1ginas enlazadas. Las p\u00e1ginas enlazadas fueron revisadas para detectar posibles infracciones legales en el momento de enlazarlas. Los contenidos ilegales no eran identificables en el momento del enlace. Sin embargo, el control permanente del contenido de las p\u00e1ginas enlazadas no es razonable si no hay indicios concretos de una violaci\u00f3n legal. Si tengo conocimiento de alguna infracci\u00f3n, eliminar\u00e9 dichos enlaces inmediatamente.<\/p>\n<p>[\/et_pb_text][et_pb_text _builder_version=\"4.16\u2033 _module_preset=\"default\" text_font_size=\"14px\" header_2_font_size=\"20px\" background_color=\"#FFFF\" custom_margin=\"||2em||false|false\" custom_padding=\"15px|15px|15px|true|true\" box_shadow_style=\"preset1\u2033 box_shadow_blur=\"60px\" box_shadow_spread=\"10px\" box_shadow_color=\"rgba(0,0,0,0.08)\" global_colors_info=\"{}\"]<\/p>\n<p>La Comisi\u00f3n Europea ofrece una plataforma para la resoluci\u00f3n extrajudicial de litigios en l\u00ednea (plataforma ODR), a la que se puede acceder en www.ec.europa.eu\/consumers\/odr. Puede encontrar nuestra direcci\u00f3n de correo electr\u00f3nico aqu\u00ed en mi imprenta. No estoy obligado ni dispuesto a participar en el procedimiento de resoluci\u00f3n de conflictos.<\/p>\n<p>[\/et_pb_text][\/et_pb_column][et_pb_column type=\"1\/3\u2033 _builder_version=\"4.16\u2033 _module_preset=\"default\" custom_padding=\"||0px||false|false\" custom_css_main_element=\"margin-bottom: 0 !important;\" global_colors_info=\"{}\"][et_pb_text _builder_version=\"4.16\u2033 _module_preset=\"default\" text_font_size=\"14px\" header_2_font_size=\"20px\" background_color=\"#FFFF\" custom_margin=\"||2em||false|false\" custom_padding=\"15px|15px|15px|true|true\" box_shadow_style=\"preset1\u2033 box_shadow_blur=\"60px\" box_shadow_spread=\"10px\" box_shadow_color=\"rgba(0,0,0,0.08)\" global_colors_info=\"{}\"]<\/p>\n<h2>Copyright<\/h2>\n<p>Los contenidos y trabajos de estas p\u00e1ginas creados por la operadora del sitio, Saskia Lund, est\u00e1n sujetos a la legislaci\u00f3n alemana sobre derechos de autor. La duplicaci\u00f3n, el procesamiento, la distribuci\u00f3n y cualquier tipo de explotaci\u00f3n fuera de los l\u00edmites de los derechos de autor requieren el consentimiento por escrito del respectivo autor o creador. Las descargas y copias de este sitio s\u00f3lo est\u00e1n permitidas para uso privado y no comercial. En la medida en que el contenido de este sitio no haya sido creado por el operador, se respetan los derechos de autor de terceros. En particular, el contenido de terceros est\u00e1 marcado como tal. Si, a pesar de todo, tiene conocimiento de una infracci\u00f3n de los derechos de autor, le ruego que me informe al respecto. Si tengo conocimiento de alguna infracci\u00f3n, eliminar\u00e9 dicho contenido inmediatamente.<\/p>\n<p>[\/et_pb_text][\/et_pb_column][\/et_pb_row][\/et_pb_section]<\/p>","protected":false},"excerpt":{"rendered":"<p>El responsable del contenido bajo el dominio isla-passio.com es Niels Teichmann \/\/ Consultor inmobiliarioISLA PASSI\u00d3 - ImmobilienCarrer la Marina 2907659 Cala Figuera \/ Santany\u00edMallorca \/ Islas BalearesEspa\u00f1aFon DE +49 151 194 794 80 Fon ES +34 680 265 785 Mail: mail@isla-passio.com CIF ESX9124865Perfiles de redes sociales autorizadosResponsabilidad por el contenido El contenido de mis p\u00e1ginas ha sido creado con el m\u00e1ximo cuidado. [...]<\/p>","protected":false},"author":1,"featured_media":0,"parent":0,"menu_order":0,"comment_status":"closed","ping_status":"closed","template":"","meta":{"_et_pb_use_builder":"on","_et_pb_old_content":"","_et_gb_content_width":"","footnotes":""},"dipi_cpt_category":[],"_links":{"self":[{"href":"https:\/\/isla-passio.com\/es\/wp-json\/wp\/v2\/pages\/350"}],"collection":[{"href":"https:\/\/isla-passio.com\/es\/wp-json\/wp\/v2\/pages"}],"about":[{"href":"https:\/\/isla-passio.com\/es\/wp-json\/wp\/v2\/types\/page"}],"author":[{"embeddable":true,"href":"https:\/\/isla-passio.com\/es\/wp-json\/wp\/v2\/users\/1"}],"replies":[{"embeddable":true,"href":"https:\/\/isla-passio.com\/es\/wp-json\/wp\/v2\/comments?post=350"}],"version-history":[{"count":10,"href":"https:\/\/isla-passio.com\/es\/wp-json\/wp\/v2\/pages\/350\/revisions"}],"predecessor-version":[{"id":2551,"href":"https:\/\/isla-passio.com\/es\/wp-json\/wp\/v2\/pages\/350\/revisions\/2551"}],"wp:attachment":[{"href":"https:\/\/isla-passio.com\/es\/wp-json\/wp\/v2\/media?parent=350"}],"wp:term":[{"taxonomy":"dipi_cpt_category","embeddable":true,"href":"https:\/\/isla-passio.com\/es\/wp-json\/wp\/v2\/dipi_cpt_category?post=350"}],"curies":[{"name":"wp","href":"https:\/\/api.w.org\/{rel}","templated":true}]}}

Impresión

<p>[et_pb_section fb_built="1″ _builder_version="4.16″ _module_preset="default" background_color="RGBA(255,255,255,0)" custom_padding="23px||23px||true|false" global_colors_info="{}"][et_pb_row _builder_version="4.16″ _module_preset="default" custom_padding="27px|27px||true|false" global_colors_info="{}16″ _module_preset="default" custom_padding="27px||27px||true|false" global_colors_info="{}"][et_pb_column type="4_4″ _builder_version="4.16″ _module_preset="default" global_colors_info="{}"][et_pb_text _builder_version="4.16″ _module_preset="default" text_orientation="center" custom_padding="|15px||15px|false|true" global_colors_info="{}"]</p>
<p>El responsable del contenido bajo el dominio isla-passio.com es</p>
<p><strong>Niels Teichmann</strong> // Consultor inmobiliario</p>
<p>[/et_pb_text][/et_pb_column][/et_pb_row][et_pb_row column_structure=“1_3,1_3,1_3″ _builder_version=“4.16″ _module_preset="default" width="90%" custom_padding="23px||27px||false|false" global_colors_info="{}"][et_pb_column type="1/3″ _builder_version="4.16″ _module_preset="default" global_colors_info="{}"][et_pb_text _builder_version="4.17.4″ _module_preset="default" custom_padding="|15px||15px|false|true" global_colors_info="{}"]</p>
<p>ISLA PASSIÓ - Inmobiliaria<br />Calle la Marina 29<br />07659 Cala Figuera / Santanyí<br />Mallorca / Islas Baleares<br />España</p>
<p>[/et_pb_text][/et_pb_column][et_pb_column type="1/3″ _builder_version="4.16″ _module_preset="default" global_colors_info="{}"][et_pb_text _builder_version="4.17.3″ _module_preset="default" custom_padding="|15px||15px|false|true" global_colors_info="{}"]Fon DE +49 151 194 794 80<br />
Fon ES +34 680 265 785<br />
Correo: mail@isla-passio.com</p>
<p>USt.Id.Nr. ESX9124865Y[/et_pb_text][/et_pb_column][et_pb_column type=&#8220;1_3&#8243; _builder_version=&#8220;4.16&#8243; _module_preset=&#8220;default&#8220; global_colors_info=&#8220;{}&#8220;][et_pb_text _builder_version=&#8220;4.16&#8243; _module_preset=&#8220;default&#8220; custom_padding=&#8220;|15px||15px|false|true&#8220; global_colors_info=&#8220;{}&#8220;]Authorisierte Social Media Profile[/et_pb_text][et_pb_social_media_follow _builder_version=&#8220;4.15.1&#8243; _module_preset=&#8220;default&#8220; custom_padding=&#8220;|15px||15px|false|true&#8220; global_module=&#8220;1268&#8243; saved_tabs=&#8220;all&#8220; global_colors_info=&#8220;{}&#8220;][et_pb_social_media_follow_network social_network=&#8220;facebook&#8220; url=&#8220;https://www.facebook.com/islapassio&#8220; icon_color=&#8220;#f8f0e3&#8243; _builder_version=&#8220;4.16&#8243; _module_preset=&#8220;default&#8220; background_color=&#8220;#9C8679&#8243; background_enable_color=&#8220;on&#8220; custom_button=&#8220;on&#8220; border_radii=&#8220;on|50%|50%|50%|50%&#8220; global_colors_info=&#8220;{}&#8220; background__hover_enabled=&#8220;on|desktop&#8220; background_color__hover=&#8220;#3b5998&#8243; background_enable_color__hover=&#8220;on&#8220; follow_button=&#8220;off&#8220; url_new_window=&#8220;on&#8220;]facebook[/et_pb_social_media_follow_network][et_pb_social_media_follow_network social_network=&#8220;instagram&#8220; url=&#8220;https://instagram.com/isla_passio_mallorca&#8220; icon_color=&#8220;#f8f0e3&#8243; _builder_version=&#8220;4.16&#8243; _module_preset=&#8220;default&#8220; background_color=&#8220;#9C8679&#8243; background_enable_color=&#8220;on&#8220; border_radii=&#8220;on|50%|50%|50%|50%&#8220; global_colors_info=&#8220;{}&#8220; background__hover_enabled=&#8220;on|hover&#8220; background_color__hover=&#8220;#ea2c59&#8243; background_enable_color__hover=&#8220;on&#8220; follow_button=&#8220;off&#8220; url_new_window=&#8220;on&#8220;]instagram[/et_pb_social_media_follow_network][et_pb_social_media_follow_network social_network=&#8220;xing&#8220; url=&#8220;https://www.xing.com/profile/Niels_Teichmann&#8220; icon_color=&#8220;#f8f0e3&#8243; _builder_version=&#8220;4.16&#8243; _module_preset=&#8220;default&#8220; background_color=&#8220;#9C8679&#8243; background_enable_color=&#8220;on&#8220; border_radii=&#8220;on|50%|50%|50%|50%&#8220; global_colors_info=&#8220;{}&#8220; background__hover_enabled=&#8220;on|hover&#8220; background_color__hover=&#8220;#026466&#8243; background_enable_color__hover=&#8220;on&#8220; follow_button=&#8220;off&#8220; url_new_window=&#8220;on&#8220;]xing[/et_pb_social_media_follow_network][et_pb_social_media_follow_network social_network=&#8220;whatsapp&#8220; url=&#8220;https://wa.me/4915119479480?text=Hallo%20Herr%20Teichmann,%20ich%20interessiere%20mich%20f%C3%BCr%20eine%20Ihrer%20Immobilien%20und%20freue%20mich%20%C3%BCber%20Ihre%20R%C3%BCckmeldung!&#8220; icon_color=&#8220;#f8f0e3&#8243; _builder_version=&#8220;4.16&#8243; _module_preset=&#8220;default&#8220; background_color=&#8220;#9C8679&#8243; background_enable_color=&#8220;on&#8220; border_radii=&#8220;on|50%|50%|50%|50%&#8220; global_colors_info=&#8220;{}&#8220; background__hover_enabled=&#8220;on|hover&#8220; background_color__hover=&#8220;#25d366&#8243; background_enable_color__hover=&#8220;on&#8220; follow_button=&#8220;off&#8220; url_new_window=&#8220;on&#8220;]whatsapp[/et_pb_social_media_follow_network][/et_pb_social_media_follow][/et_pb_column][/et_pb_row][et_pb_row column_structure=&#8220;1_3,1_3,1_3&#8243; _builder_version=&#8220;4.16&#8243; _module_preset=&#8220;default&#8220; width=&#8220;90%&#8220; global_colors_info=&#8220;{}&#8220;][et_pb_column type=&#8220;1_3&#8243; _builder_version=&#8220;4.16&#8243; _module_preset=&#8220;default&#8220; custom_padding=&#8220;||0px||false|false&#8220; custom_padding_tablet=&#8220;||0px||false|false&#8220; custom_padding_phone=&#8220;||0px||false|false&#8220; custom_padding_last_edited=&#8220;on|tablet&#8220; custom_css_main_element=&#8220;margin-bottom: 0 !important;&#8220; global_colors_info=&#8220;{}&#8220; custom_css_main_element_last_edited=&#8220;off|tablet&#8220;][et_pb_text _builder_version=&#8220;4.16&#8243; _module_preset=&#8220;default&#8220; text_font_size=&#8220;14px&#8220; header_2_font_size=&#8220;20px&#8220; background_color=&#8220;#FFFFFF&#8220; custom_margin=&#8220;||2em||false|false&#8220; custom_padding=&#8220;15px|15px|15px|15px|true|true&#8220; box_shadow_style=&#8220;preset1&#8243; box_shadow_blur=&#8220;60px&#8220; box_shadow_spread=&#8220;10px&#8220; box_shadow_color=&#8220;rgba(0,0,0,0.08)&#8220; global_colors_info=&#8220;{}&#8220;]</p>
<h2>Responsabilidad por el contenido</h2>
<p>El contenido de mis páginas fue creado con el mayor cuidado. Sin embargo, no puedo asumir ninguna responsabilidad por la exactitud, integridad y actualidad de los contenidos. Como proveedor de servicios, soy responsable de mis propios contenidos en estas páginas de acuerdo con el § 7 Párrafo 1 de la TMG (Ley alemana de medios de comunicación) según las leyes generales. Sin embargo, según los artículos 8 a 10 de la TMG, no estoy obligado como proveedor de servicios a controlar la información transmitida o almacenada de terceros ni a investigar las circunstancias que indiquen una actividad ilegal. Las obligaciones de eliminar o bloquear el uso de la información según las leyes generales no se ven afectadas por esto. Sin embargo, la responsabilidad en este sentido sólo es posible a partir del momento en que se conoce una infracción concreta de la ley. Si tengo conocimiento de cualquier infracción de este tipo, eliminaré este contenido inmediatamente.</p>
<p>[/et_pb_text][et_pb_text _builder_version="4.17.6″ _module_preset="default" text_font_size="14px" header_2_font_size="20px" background_color="#FFFF" custom_margin="||2em||false|false" custom_padding="15px|15px|15px|true|true" hover_enabled="0″ box_shadow_style="preset1″ box_shadow_blur="60px" box_shadow_spread="10px" box_shadow_color="rgba(0,0,0,0.08)" global_colors_info="{}" sticky_enabled="0″]</p>
<h2>Créditos de las imágenes</h2>
<p>Niels Teichmann<br />
Saskia Lund<br />
Gunnar Knechtel[/et_pb_text][/et_pb_column][et_pb_column type="1/3″ _builder_version="4.¡16″ _module_preset="default" custom_padding="||0px||false|false" custom_padding_tablet="||||false|false" custom_padding_phone="||||false|false" custom_padding_last_edited="on|tablet" custom_css_main_element="margin-bottom: 0 !important;" global_colors_info="{}"][et_pb_text _builder_version="4.16″ _module_preset="default" text_font_size="14px" header_2_font_size="20px" background_color="#FFFF" custom_margin="||2em||false|false" custom_padding="15px|15px|15px|true|true" box_shadow_style="preset1″ box_shadow_blur="60px" box_shadow_spread="10px" box_shadow_color="rgba(0,0,0,0.08)" global_colors_info="{}"]</p>
<h2>Responsabilidad de los enlaces</h2>
<p>Mi oferta contiene enlaces a páginas web externas de terceros, sobre cuyos contenidos no tengo ninguna influencia. En consecuencia, no puedo asumir ninguna responsabilidad por estos contenidos externos. El respectivo proveedor u operador de las páginas es siempre responsable del contenido de las páginas enlazadas. Las páginas enlazadas fueron revisadas para detectar posibles infracciones legales en el momento de enlazarlas. Los contenidos ilegales no eran identificables en el momento del enlace. Sin embargo, el control permanente del contenido de las páginas enlazadas no es razonable si no hay indicios concretos de una violación legal. Si tengo conocimiento de alguna infracción, eliminaré dichos enlaces inmediatamente.</p>
<p>[/et_pb_text][et_pb_text _builder_version="4.16″ _module_preset="default" text_font_size="14px" header_2_font_size="20px" background_color="#FFFF" custom_margin="||2em||false|false" custom_padding="15px|15px|15px|true|true" box_shadow_style="preset1″ box_shadow_blur="60px" box_shadow_spread="10px" box_shadow_color="rgba(0,0,0,0.08)" global_colors_info="{}"]</p>
<p>La Comisión Europea ofrece una plataforma para la resolución extrajudicial de litigios en línea (plataforma ODR), a la que se puede acceder en www.ec.europa.eu/consumers/odr. Puede encontrar nuestra dirección de correo electrónico aquí en mi imprenta. No estoy obligado ni dispuesto a participar en el procedimiento de resolución de conflictos.</p>
<p>[/et_pb_text][/et_pb_column][et_pb_column type="1/3″ _builder_version="4.16″ _module_preset="default" custom_padding="||0px||false|false" custom_css_main_element="margin-bottom: 0 !important;" global_colors_info="{}"][et_pb_text _builder_version="4.16″ _module_preset="default" text_font_size="14px" header_2_font_size="20px" background_color="#FFFF" custom_margin="||2em||false|false" custom_padding="15px|15px|15px|true|true" box_shadow_style="preset1″ box_shadow_blur="60px" box_shadow_spread="10px" box_shadow_color="rgba(0,0,0,0.08)" global_colors_info="{}"]</p>
<h2>Copyright</h2>
<p>Los contenidos y trabajos de estas páginas creados por la operadora del sitio, Saskia Lund, están sujetos a la legislación alemana sobre derechos de autor. La duplicación, el procesamiento, la distribución y cualquier tipo de explotación fuera de los límites de los derechos de autor requieren el consentimiento por escrito del respectivo autor o creador. Las descargas y copias de este sitio sólo están permitidas para uso privado y no comercial. En la medida en que el contenido de este sitio no haya sido creado por el operador, se respetan los derechos de autor de terceros. En particular, el contenido de terceros está marcado como tal. Si, a pesar de todo, tiene conocimiento de una infracción de los derechos de autor, le ruego que me informe al respecto. Si tengo conocimiento de alguna infracción, eliminaré dicho contenido inmediatamente.</p>
<p>[/et_pb_text][/et_pb_column][/et_pb_row][/et_pb_section]</p>

<p>El responsable del contenido bajo el dominio isla-passio.com es Niels Teichmann // Consultor inmobiliarioISLA PASSIÓ - ImmobilienCarrer la Marina 2907659 Cala Figuera / SantanyíMallorca / Islas BalearesEspañaFon DE +49 151 194 794 80 Fon ES +34 680 265 785 Mail: mail@isla-passio.com CIF ESX9124865Perfiles de redes sociales autorizadosResponsabilidad por el contenido El contenido de mis páginas ha sido creado con el máximo cuidado. [...]</p>
